 = -3*a(m) - 4*i(m). Give r(o).
-5
Let b(c) = c**2 - 8*c - 11. Let z(l) = 3*l**2 + 0*l - 11*l - 31 + l - 13*l. Let o(h) = -17*b(h) + 6*z(h). Calculate o(2).
1
Let s = -263 - -267. Let o(j) = j + 4 + 2 - j**2 + 4*j - 7. Calculate o(s).
3
Let q(g) = g**2 + 6*g - 5. Let v be q(-5). Let t be (-1)/((2 - 4)/v). Let f(c) be the first derivative of c**2/2 + 2*c + 952. Give f(t).
-3
Let p(y) = y + 1. Let z(u) = 4*u + 3. Let w(d) = -d**3 - 10*d**2 + d + 14. Let a be w(-10). Let b(m) = a*z(m) - 18*p(m). What is b(-6)?
6
Suppose 130*l + 34*l + 24 = 1008. Let j(d) be the first derivative of d**4/4 - 5*d**3/3 - d**2/2 - d - 1. Determine j(l).
29
Let r(f) = -527*f - f**2 + 385*f + 176*f + 3*f**2 - 52. Give r(-19).
24
Let i(s) = -10*s**3 + 5*s**2 - 12*s + 8. Let u(h) = -13*h**3 + 4*h**2 - 16*h + 9. Let w(g) = 4*i(g) - 3*u(g). What is w(9)?
-76
Let f(q) = q**2 + 1922*q - 1931*q + 2*q**3 + 8 - q**3. Calculate f(-4).
-4
Suppose h + 4*h + 20 = 0, -5*x = -2*h + 7. Let o(l) = 3*l**2 - 5*l - 7. Give o(x).
35
Let v(u) = u + 2. Suppose 144 = 28*f - 24*f. Let x be (-65)/20 - (-3)/f*3. Give v(x).
-1
Let s(t) = -23*t + 160. Let f(r) = 52*r - 318. Let q(j) = 6*f(j) + 13*s(j). Determine q(-13).
3
Let i(u) = 4*u - 7. Let q be (2/12)/((-8)/(-48)). Determine i(q).
-3
Let l(o) be the second derivative of o**3/2 + 2*o**2 + 2*o - 70. Let t(q) = q**3 - 37*q**2 - q + 42. Let u be t(37). Calculate l(u).
19
Let r(i) = -2*i + 24. Let j(y) = -5*y + 72. Let k(u) = -4*j(u) + 11*r(u). Let o be k(-15). Let h(a) = a**3 - 5*a**2 - 10*a + 7. Calculate h(o).
-17
Let y(p) = -4*p**2 - 3*p**2 + p + 6*p**2 + 3 + 1. Let d(k) be the first derivative of -k**4/4 + 8*k**3/3 + 5*k**2 - 13*k + 14. Let l be d(9). Calculate y(l).
-16
Let k(v) = -v**2 + 5*v + 7. Suppose 234 - 1509 = -3*p. Let r = -420 + p. Calculate k(r).
7
Let q(m) = -m**2 - 1 - 214*m + 214*m. Let k(i) = i + 21. Suppose -72 = -2*t + 6*t. Let l be k(t). Calculate q(l).
-10
Let w(g) = g + 1. Suppose -4*h = 4*u + 20, 4 = 3*h - 7*h. Suppose -3*s - 27 = -51. Let d be (-2 - s/u) + -3. Determine w(d).
-2
Let z(f) = -51*f + 3224. Let j be z(63). Let t(l) = 2*l**3 - 23*l**2 + 10*l + 7. Give t(j).
-4
Let c(d) be the second derivative of 1/20*d**5 - 146*d + 4/3*d**3 + 0 + 3/4*d**4 + 2*d**2. What is c(-8)?
4
Let m(s) = -6*s**2 - 7 - 3*s**3 + 5*s - s + 4*s**3. Let g be 419 - (-1 - (-9)/3 - 3). Let w be (1/(-3))/((-28)/g). Determine m(w).
-12
Let o(z) = 54*z + 9549. Let s be o(-177). Let n(p) = 3*p**3 + 26*p**2 - 10*p - 6. Determine n(s).
3
Let l(x) = -x**3 - 41 + 8 - 25*x**2 + 29*x + 92. Determine l(-26).
-19
Let z = 38 + -36. Let o(h) be the first derivative of -7*h**5/120 + h**4/8 - 37*h**3/3 + 9. Let r(k) be the third derivative of o(k). Calculate r(z).
-11
Let d(y) = -y**3 + 17*y**2 - 16*y + 6. Let n be d(16). Let r be 2*(2 - n/12). Let q(h) = h**2 - 3*h - 4. Give q(r).
-4
Let r(k) = -3*k**2 - k - 3. Let i = 47 + -46. Let o(x) = x**2. Let h(g) = i*r(g) + 2*o(g). Determine h(5).
-33
Let j(r) = -r**3 - 5*r**2 + 5*r - 1. Let w = 72 - 71. Suppose 7*m = -w - 41. Give j(m).
5
Let p(j) = j**2 - 166*j + 3767. Let k be p(27). Let c(l) = 13*l**2 - 182*l - 7. Give c(k).
-7
Suppose -4*u = 4*m + 4, -7*u = -3*u - 5*m + 31. Let f(q) be the second derivative of q**3/6 + 3*q**2/2 + q - 15. What is f(u)?
-1
Let v(t) = -16*t - 4. Let c(r) = -5*r - 1. Let s be 5 + -9 - (-1 - 1). Let q(g) = s*v(g) + 7*c(g). Let w be (-1)/((-2)/12) + -2. Give q(w).
-11
Let f(q) = -q**3 + 14*q**2 - 12*q - 3. Let s(y) = -12*y**3 + 2*y**2 - 4*y - 5. Suppose -80*c + 88*c = -8. Let w be s(c). Calculate f(w).
10
Suppose 2*m - 2*f - 30 = 0, 2*f = f - 5. Let s = 119 - 116. Suppose -4*h + 4*a + m = -6, -s*h + 16 = -a. Let q(w) = -4*w + 4. Calculate q(h).
-20
Suppose 36 = 3*h - p, 3*h - 5*p = -2*h + 60. Suppose -h*j + 6*j = -18. Let u(t) = -39*t**j + t + 38*t**3 - 12 - t**2 + 0. What is u(0)?
-12
Let k(p) be the second derivative of p**3/3 + 5*p**2 - p - 584. Suppose -8*w + 6*w - f = 28, -w - 24 = 3*f. Calculate k(w).
-14
Let q(o) = -o + 1. Let i be -8 - -5 - (-5 - 1). Let z be i/(-3)*(-9 + 9). Calculate q(z).
1
Let y(q) be the second derivative of -q**4/4 - 3*q**3/2 + 9*q**2 + 6944*q. What is y(2)?
-12
Let r(z) = z**3 + 10*z**2 - 12*z - 11. Let p = 636 + -631. Suppose 5*w - p*v + 45 = -0*v, -3*w = 2*v + 37. Give r(w).
0
Let t(a) = -a**2 - 4*a + 9. Let u(y) be the first derivative of y**2/2 - 2*y - 42. Let v(j) = -t(j) - 2*u(j). Calculate v(-6).
19
Let j(p) be the third derivative of 0*p + 212*p**2 - 1/8*p**4 - 4*p**3 + 1/120*p**6 + 0 + 7/60*p**5. Give j(-7).
-3
Let t be (-4 + 30/12)*(-26)/(-3). Let j(k) = -7*k - 230 + 108 + 105 + k**2 + 18*k. Calculate j(t).
9
Let q be ((-69)/(-15) - 5) + 2/5. Let m(x) = x**2 - x + 24. What is m(q)?
24
Let i(d) = -5*d**2 - 34*d - 10. Let c(s) = 6*s**2 + 36*s + 11. Let g(r) = 2*c(r) + 3*i(r). What is g(-10)?
-8
Let o be (-247)/91 + (-4)/14*1. Let h be o/6 - (1 - 9/6). Let q(z) = -11*z - 230 - z**2 + 245 + h*z. Give q(-12).
3
Let m(g) = -g - 4. Let x(w) = 64*w - 4. Suppose 9 = -4*k + 13. Let u be x(k). Suppose 14*p - 2*p = u. Calculate m(p).
-9
Let j = -1/13687 - -13807/1642440. Let p(u) be the third derivative of -1/6*u**3 + j*u**6 + 0*u + 1/60*u**5 + 0 + 0*u**4 + 11*u**2. What is p(1)?
1
Suppose -149 - 40 = -27*m. Suppose -7*y + 6*y + m = 0. Let v(n) = 2*n + 1. Give v(y).
15
Let s(q) = q**3 + q**2 - q - 1. Let r = 148 - 159. Let x = r - -9. Calculate s(x).
-3
Let f(x) = 19*x**2 - 18*x**2 + 40*x**2 + 3*x - 4. Give f(1).
40
Let d(r) = r + 1. Suppose 0 = -4*l + l + 408. Suppose 2*y + 139 = -3*i, -4*i + 2*y - l = 26. Let q = -47 - i. Determine d(q).
-3
Let d(f) = f**3 - 8*f**2 - 10*f + 11. Suppose 0 = 719*t - 715*t + 80. Let v be 25/15*(-108)/t. Calculate d(v).
2
Let p(s) be the first derivative of -5*s**4/4 - 25*s**3/3 + s**2/2 - s - 1791. Determine p(-5).
-6
Let h(i) = -i**3 - 22*i**2 + 39*i + 380. Let m be h(-23). Let w(y) = -y**3 + 13*y**2 - 19*y + 16. Calculate w(m).
-68
Let c(v) = 11*v**2 + 2*v - 12. Let f(w) = -24*w**2 - 5*w + 25. Let t(i) = -9*c(i) - 4*f(i). Calculate t(0).
8
Let c(m) = 12*m**2 + 23*m - 3. Let q(y) = 14*y**2 + 22*y - 5. Let i(j) = 6*c(j) - 5*q(j). Determine i(-14).
7
Suppose -34 - 17 = -33*v + 30*v. Let a(f) = -f + 28. What is a(v)?
11
Let i(d) = -4*d - 19. Let m(n) = 24*n + 686. Let l be m(-29). What is i(l)?
21
Suppose a - 7*a + 18 = 0. Let d(n) = 79 - 2*n - 13 - n**3 + 3*n**2 - 25 - 18 - 24. Give d(a).
-7
Let l(r) = r**3 + 5*r**2 + 2*r. Let s be l(-2). Suppose -s*p + 30 = -10. Let y(t) = -6*t + 0*t + p*t - 8. Determine y(-8).
0
Suppose -23*d - 40*d - 189 = 0. Suppose 4*k + 2*m + 2 = 0, -8*m - 8 = 4*k - 4*m. Let q(i) = 3 - 11*i - k + 9*i - i**2. Calculate q(d).
-1
Let f(n) be the first derivative of -n**3/3 + 7*n - 337. What is f(-4)?
-9
Let n(t) be the third derivative of t**2 - 1/2*t**3 + 0*t + 6 + 1/60*t**5 - 7/24*t**4. Let r = -12 + 21. Give n(r).
15
Let d(g) be the third derivative of -g**6/120 + 7*g**5/15 - 31*g**4/24 + 27*g**3/2 + 9931*g**2. Give d(27).
-27
Let l(i) = i**3 + 5*i**2 + 3*i + 2. Let r(n) = -2*n**2 - n - 1. Suppose -q = -s - 6, -3*q + 6*q - 12 = -3*s. Let b(m) = s*l(m) - r(m). Give b(-2).
-1
Suppose 0 = 2*a + 3*a + 30. Let g(u) be the second derivative of 0*u**2 + 0 - 103*u - 1/6*u**3. Determine g(a).
6
Suppose -y + 4*j = -7, 3*y - 4 = 5*j + 10. Let u(v) = -61*v**2 - 61*v**2 + v + v**y + 121*v**2 - 1. Calculate u(2).
5
Let p(w) = -2*w + 6. Let t = 70 - 34. Suppose 37*u = t*u. Suppose u = -h + 3*h - 10. Determine p(h).
-4
Suppose 5*p - 21 = -1. Suppose -q = 3*o - 320, p*q + 20 - 4 = 0. Let t(i) = i + i**3 - 4*i**2 + 108 + 0*i**3 - o. Determine t(4).
4
Let n(y) = -294*y - 82. Let u(r) = 107*r + 27. Let t(o) = 4*n(o) + 11*u(o). Give t(28).
-3
Let j(u) = 367*u - 712*u + 55 + 347*u. Give j(-25).
5
Let s(h) = 566*h**2 + 8 + 15 - 2*h**3 - 30*h + 0*h**3 - 551*h**2 + 1. What is s(5)?
-1
Let t be 35706/21 + 12/(-42). Let v be (-4)/(-14) + t/175. Suppose 6 = 2*i - 3*i + 2*d, -v = 4*i - d. Let y(h) = -h**3 - h**2 + h + 2. Give y(i).
4
Suppose 3*q - 21 + 9 = 0. Let b(v) = 995*v**3 + q*v**2 - 994*v**3 - 3*v**2 + 2*v. Determine b(-2).
-8
Let d(g) = -38*g + 11 - 42*g**2 - 5*g**3 + 127*g - 57*g - 47*g. Give d(-8).
3
Let i(r) = 4*r + 3. Let m(u) = 4. Let a(z) = -i(z) - 4*m(z). Let p(c) = c**2 + 15*c - 60. Let o be p(-18). What is a